{"id":1723,"date":"2025-08-25T09:34:57","date_gmt":"2025-08-25T09:34:57","guid":{"rendered":"https:\/\/negociosconectividade.ao\/?page_id=1723"},"modified":"2026-01-19T08:35:21","modified_gmt":"2026-01-19T08:35:21","slug":"o-fnc","status":"publish","type":"page","link":"https:\/\/negociosconectividade.ao\/index.php\/o-fnc\/","title":{"rendered":"O FN&#038;C"},"content":{"rendered":"\t\t<div data-elementor-type=\"wp-page\" data-elementor-id=\"1723\" class=\"elementor elementor-1723\">\n\t\t\t\t<div class=\"elementor-element elementor-element-2fdccdf e-con-full e-flex e-con e-parent\" data-id=\"2fdccdf\" data-element_type=\"container\" data-e-type=\"container\">\n\t\t\t\t<div class=\"elementor-element elementor-element-8da262e elementor-widget elementor-widget-image\" data-id=\"8da262e\" data-element_type=\"widget\" data-e-type=\"widget\" data-widget_type=\"image.default\">\n\t\t\t\t<div class=\"elementor-widget-container\">\n\t\t\t\t\t\t\t\t\t\t\t\t\t\t\t<img fetchpriority=\"high\" decoding=\"async\" width=\"2560\" height=\"516\" src=\"https:\/\/negociosconectividade.ao\/wp-content\/uploads\/2025\/05\/FNC_PIB-Banner-001-scaled.webp\" class=\"attachment-full size-full wp-image-2448\" alt=\"\" srcset=\"https:\/\/negociosconectividade.ao\/wp-content\/uploads\/2025\/05\/FNC_PIB-Banner-001-scaled.webp 2560w, https:\/\/negociosconectividade.ao\/wp-content\/uploads\/2025\/05\/FNC_PIB-Banner-001-300x61.webp 300w, https:\/\/negociosconectividade.ao\/wp-content\/uploads\/2025\/05\/FNC_PIB-Banner-001-1024x207.webp 1024w, https:\/\/negociosconectividade.ao\/wp-content\/uploads\/2025\/05\/FNC_PIB-Banner-001-768x155.webp 768w, https:\/\/negociosconectividade.ao\/wp-content\/uploads\/2025\/05\/FNC_PIB-Banner-001-1536x310.webp 1536w, https:\/\/negociosconectividade.ao\/wp-content\/uploads\/2025\/05\/FNC_PIB-Banner-001-2048x413.webp 2048w\" sizes=\"(max-width: 2560px) 100vw, 2560px\" \/>\t\t\t\t\t\t\t\t\t\t\t\t\t\t\t<\/div>\n\t\t\t\t<\/div>\n\t\t\t\t<\/div>\n\t\t<div class=\"elementor-element elementor-element-ae9da81 e-flex e-con-boxed e-con e-parent\" data-id=\"ae9da81\" data-element_type=\"container\" data-e-type=\"container\">\n\t\t\t\t\t<div class=\"e-con-inner\">\n\t\t<div class=\"elementor-element elementor-element-79462ba e-con-full e-flex e-con e-child\" data-id=\"79462ba\" data-element_type=\"container\" data-e-type=\"container\">\n\t\t\t\t<div class=\"elementor-element elementor-element-66943b4 elementor-widget elementor-widget-heading\" data-id=\"66943b4\" data-element_type=\"widget\" data-e-type=\"widget\" data-widget_type=\"heading.default\">\n\t\t\t\t<div class=\"elementor-widget-container\">\n\t\t\t\t\t<h2 class=\"elementor-heading-title elementor-size-default\">F\u00f3rum Neg\u00f3cios &amp; Conectividade<\/h2>\t\t\t\t<\/div>\n\t\t\t\t<\/div>\n\t\t\t\t<\/div>\n\t\t\t\t\t<\/div>\n\t\t\t\t<\/div>\n\t\t<div class=\"elementor-element elementor-element-bb9564d e-flex e-con-boxed e-con e-parent\" data-id=\"bb9564d\" data-element_type=\"container\" data-e-type=\"container\">\n\t\t\t\t\t<div class=\"e-con-inner\">\n\t\t<div class=\"elementor-element elementor-element-7173e5b e-con-full e-flex e-con e-child\" data-id=\"7173e5b\" data-element_type=\"container\" data-e-type=\"container\" data-settings=\"{&quot;background_background&quot;:&quot;classic&quot;}\">\n\t\t<div class=\"elementor-element elementor-element-d665323 e-con-full e-flex e-con e-child\" data-id=\"d665323\" data-element_type=\"container\" data-e-type=\"container\">\n\t\t\t\t<div class=\"elementor-element elementor-element-aae28c1 elementor-widget elementor-widget-image\" data-id=\"aae28c1\" data-element_type=\"widget\" data-e-type=\"widget\" data-widget_type=\"image.default\">\n\t\t\t\t<div class=\"elementor-widget-container\">\n\t\t\t\t\t\t\t\t\t\t\t\t\t\t\t<img decoding=\"async\" width=\"474\" height=\"162\" src=\"https:\/\/negociosconectividade.ao\/wp-content\/uploads\/2025\/05\/Logo-Branco_Forum-01-e1746667103769.webp\" class=\"attachment-large size-large wp-image-155\" alt=\"\" srcset=\"https:\/\/negociosconectividade.ao\/wp-content\/uploads\/2025\/05\/Logo-Branco_Forum-01-e1746667103769.webp 474w, https:\/\/negociosconectividade.ao\/wp-content\/uploads\/2025\/05\/Logo-Branco_Forum-01-e1746667103769-300x103.webp 300w\" sizes=\"(max-width: 474px) 100vw, 474px\" \/>\t\t\t\t\t\t\t\t\t\t\t\t\t\t\t<\/div>\n\t\t\t\t<\/div>\n\t\t\t\t<\/div>\n\t\t<div class=\"elementor-element elementor-element-e0555d3 e-con-full e-flex e-con e-child\" data-id=\"e0555d3\" data-element_type=\"container\" data-e-type=\"container\">\n\t\t\t\t<div class=\"elementor-element elementor-element-24f05ad elementor-widget elementor-widget-heading\" data-id=\"24f05ad\" data-element_type=\"widget\" data-e-type=\"widget\" data-widget_type=\"heading.default\">\n\t\t\t\t<div class=\"elementor-widget-container\">\n\t\t\t\t\t<h2 class=\"elementor-heading-title elementor-size-default\">Conceito<\/h2>\t\t\t\t<\/div>\n\t\t\t\t<\/div>\n\t\t\t\t<div class=\"elementor-element elementor-element-9535f2a elementor-widget elementor-widget-text-editor\" data-id=\"9535f2a\" data-element_type=\"widget\" data-e-type=\"widget\" data-widget_type=\"text-editor.default\">\n\t\t\t\t<div class=\"elementor-widget-container\">\n\t\t\t\t\t\t\t\t\t<p>O\u00a0<strong>F\u00f3rum Neg\u00f3cios &amp; Conectividade (Business &amp; Connectivity)\u00a0<\/strong>foi idealizado para um formato ganha-ganha, um conceito que visa gerar parcerias de neg\u00f3cios com pequenas, m\u00e9dias e grandes empresas.<br \/>Do ponto de vista estrat\u00e9gico, o f\u00f3rum \u00e9 uma oportunidade para os empres\u00e1rios Angolanos \u2013 e n\u00e3o s\u00f3 \u2013 trocarem impress\u00f5es em rela\u00e7\u00e3o a ac\u00e7\u00f5es concretas que ajudem a catapultar os seus neg\u00f3cios para patamares mais elevados.<\/p>\t\t\t\t\t\t\t\t<\/div>\n\t\t\t\t<\/div>\n\t\t\t\t<\/div>\n\t\t\t\t<\/div>\n\t\t\t\t\t<\/div>\n\t\t\t\t<\/div>\n\t\t<div class=\"elementor-element elementor-element-5daaae8 e-flex e-con-boxed e-con e-parent\" data-id=\"5daaae8\" data-element_type=\"container\" data-e-type=\"container\">\n\t\t\t\t\t<div class=\"e-con-inner\">\n\t\t<div class=\"elementor-element elementor-element-70eed74 e-con-full e-flex e-con e-child\" data-id=\"70eed74\" data-element_type=\"container\" data-e-type=\"container\" data-settings=\"{&quot;background_background&quot;:&quot;classic&quot;}\">\n\t\t<div class=\"elementor-element elementor-element-5982c0e e-con-full e-flex e-con e-child\" data-id=\"5982c0e\" data-element_type=\"container\" data-e-type=\"container\">\n\t\t\t\t<div class=\"elementor-element elementor-element-4097b54 elementor-widget elementor-widget-heading\" data-id=\"4097b54\" data-element_type=\"widget\" data-e-type=\"widget\" data-widget_type=\"heading.default\">\n\t\t\t\t<div class=\"elementor-widget-container\">\n\t\t\t\t\t<h2 class=\"elementor-heading-title elementor-size-default\">Vis\u00e3o<\/h2>\t\t\t\t<\/div>\n\t\t\t\t<\/div>\n\t\t\t\t<div class=\"elementor-element elementor-element-6d3c5cb elementor-widget elementor-widget-text-editor\" data-id=\"6d3c5cb\" data-element_type=\"widget\" data-e-type=\"widget\" data-widget_type=\"text-editor.default\">\n\t\t\t\t<div class=\"elementor-widget-container\">\n\t\t\t\t\t\t\t\t\t<p>O <strong>\u201cF\u00f3rum Neg\u00f3cios &amp; Conectividade\u201d<\/strong> \u00e9 j\u00e1 uma janela<br \/>para ultrapassar as barreiras que tornam os neg\u00f3cios<br \/>cada vez mais dependentes, facilitando, assim, a coopera\u00e7\u00e3o entre diferentes players do mercado, num processo de articula\u00e7\u00e3o socioecon\u00f3mica, de interc\u00e2mbio cient\u00edfico, tecnol\u00f3gico e comercial.<\/p>\t\t\t\t\t\t\t\t<\/div>\n\t\t\t\t<\/div>\n\t\t\t\t<\/div>\n\t\t<div class=\"elementor-element elementor-element-716a917 e-con-full e-flex e-con e-child\" data-id=\"716a917\" data-element_type=\"container\" data-e-type=\"container\">\n\t\t\t\t<div class=\"elementor-element elementor-element-e144562 elementor-widget elementor-widget-image\" data-id=\"e144562\" data-element_type=\"widget\" data-e-type=\"widget\" data-widget_type=\"image.default\">\n\t\t\t\t<div class=\"elementor-widget-container\">\n\t\t\t\t\t\t\t\t\t\t\t\t\t\t\t<img decoding=\"async\" width=\"735\" height=\"490\" src=\"https:\/\/negociosconectividade.ao\/wp-content\/uploads\/2026\/01\/4affb6bdf1427d0f7da687cf68f0205e-1.webp\" class=\"attachment-large size-large wp-image-2673\" alt=\"\" srcset=\"https:\/\/negociosconectividade.ao\/wp-content\/uploads\/2026\/01\/4affb6bdf1427d0f7da687cf68f0205e-1.webp 735w, https:\/\/negociosconectividade.ao\/wp-content\/uploads\/2026\/01\/4affb6bdf1427d0f7da687cf68f0205e-1-300x200.webp 300w\" sizes=\"(max-width: 735px) 100vw, 735px\" \/>\t\t\t\t\t\t\t\t\t\t\t\t\t\t\t<\/div>\n\t\t\t\t<\/div>\n\t\t\t\t<\/div>\n\t\t\t\t<\/div>\n\t\t\t\t\t<\/div>\n\t\t\t\t<\/div>\n\t\t<div class=\"elementor-element elementor-element-9b17f3f e-flex e-con-boxed e-con e-parent\" data-id=\"9b17f3f\" data-element_type=\"container\" data-e-type=\"container\">\n\t\t\t\t\t<div class=\"e-con-inner\">\n\t\t<div class=\"elementor-element elementor-element-8fb8e39 e-con-full e-flex e-con e-child\" data-id=\"8fb8e39\" data-element_type=\"container\" data-e-type=\"container\">\n\t\t\t\t<div class=\"elementor-element elementor-element-0083eaf elementor-widget elementor-widget-html\" data-id=\"0083eaf\" data-element_type=\"widget\" data-e-type=\"widget\" data-widget_type=\"html.default\">\n\t\t\t\t<div class=\"elementor-widget-container\">\n\t\t\t\t\t<div id=\"omnisend-embedded-v2-682ee65e7796c80649f864a8\"><\/div>\t\t\t\t<\/div>\n\t\t\t\t<\/div>\n\t\t\t\t<\/div>\n\t\t\t\t\t<\/div>\n\t\t\t\t<\/div>\n\t\t<div class=\"elementor-element elementor-element-12ef0d0 e-flex e-con-boxed e-con e-parent\" data-id=\"12ef0d0\" data-element_type=\"container\" data-e-type=\"container\">\n\t\t\t\t\t<div class=\"e-con-inner\">\n\t\t<div class=\"elementor-element elementor-element-5459684 e-con-full e-flex e-con e-child\" data-id=\"5459684\" data-element_type=\"container\" data-e-type=\"container\" data-settings=\"{&quot;background_background&quot;:&quot;classic&quot;}\">\n\t\t<div class=\"elementor-element elementor-element-3b8f4af e-con-full e-flex e-con e-child\" data-id=\"3b8f4af\" data-element_type=\"container\" data-e-type=\"container\">\n\t\t\t\t<div class=\"elementor-element elementor-element-5caf47c elementor-widget elementor-widget-image\" data-id=\"5caf47c\" data-element_type=\"widget\" data-e-type=\"widget\" data-widget_type=\"image.default\">\n\t\t\t\t<div class=\"elementor-widget-container\">\n\t\t\t\t\t\t\t\t\t\t\t\t\t\t\t<img loading=\"lazy\" decoding=\"async\" width=\"1200\" height=\"675\" src=\"https:\/\/negociosconectividade.ao\/wp-content\/uploads\/2026\/01\/pesca-namibe.webp\" class=\"attachment-full size-full wp-image-2675\" alt=\"\" srcset=\"https:\/\/negociosconectividade.ao\/wp-content\/uploads\/2026\/01\/pesca-namibe.webp 1200w, https:\/\/negociosconectividade.ao\/wp-content\/uploads\/2026\/01\/pesca-namibe-300x169.webp 300w, https:\/\/negociosconectividade.ao\/wp-content\/uploads\/2026\/01\/pesca-namibe-1024x576.webp 1024w, https:\/\/negociosconectividade.ao\/wp-content\/uploads\/2026\/01\/pesca-namibe-768x432.webp 768w\" sizes=\"(max-width: 1200px) 100vw, 1200px\" \/>\t\t\t\t\t\t\t\t\t\t\t\t\t\t\t<\/div>\n\t\t\t\t<\/div>\n\t\t\t\t<\/div>\n\t\t<div class=\"elementor-element elementor-element-822bd0c e-con-full e-flex e-con e-child\" data-id=\"822bd0c\" data-element_type=\"container\" data-e-type=\"container\">\n\t\t\t\t<div class=\"elementor-element elementor-element-0225566 elementor-widget elementor-widget-heading\" data-id=\"0225566\" data-element_type=\"widget\" data-e-type=\"widget\" data-widget_type=\"heading.default\">\n\t\t\t\t<div class=\"elementor-widget-container\">\n\t\t\t\t\t<h2 class=\"elementor-heading-title elementor-size-default\">Objectivos<\/h2>\t\t\t\t<\/div>\n\t\t\t\t<\/div>\n\t\t\t\t<div class=\"elementor-element elementor-element-44c7025 elementor-widget elementor-widget-text-editor\" data-id=\"44c7025\" data-element_type=\"widget\" data-e-type=\"widget\" data-widget_type=\"text-editor.default\">\n\t\t\t\t<div class=\"elementor-widget-container\">\n\t\t\t\t\t\t\t\t\t<p>A Geografia e Natureza da prov\u00edncia \u00e9 rica em recursos h\u00eddricos de tal sorte que chegou a ser conhecida como a \u201cMesopot\u00e2mia de Angola\u201d pela abund\u00e2ncia de \u00e1gua.Em termos de turismo, a zona de Cabo-Ledo bem como o Parque Nacional da Quissama (uma das maiores reservas naturais do pa\u00eds) s\u00e3o motivo suficiente de aten\u00e7\u00e3o e reconhecimento.<\/p>\t\t\t\t\t\t\t\t<\/div>\n\t\t\t\t<\/div>\n\t\t\t\t<\/div>\n\t\t\t\t<\/div>\n\t\t\t\t\t<\/div>\n\t\t\t\t<\/div>\n\t\t<div class=\"elementor-element elementor-element-db59503 e-flex e-con-boxed e-con e-parent\" data-id=\"db59503\" data-element_type=\"container\" data-e-type=\"container\">\n\t\t\t\t\t<div class=\"e-con-inner\">\n\t\t<div class=\"elementor-element elementor-element-8579a5c e-con-full e-flex e-con e-child\" data-id=\"8579a5c\" data-element_type=\"container\" data-e-type=\"container\" data-settings=\"{&quot;background_background&quot;:&quot;classic&quot;}\">\n\t\t<div class=\"elementor-element elementor-element-c1f26f3 e-con-full e-flex e-con e-child\" data-id=\"c1f26f3\" data-element_type=\"container\" data-e-type=\"container\">\n\t\t\t\t<div class=\"elementor-element elementor-element-af1729a elementor-widget elementor-widget-heading\" data-id=\"af1729a\" data-element_type=\"widget\" data-e-type=\"widget\" data-widget_type=\"heading.default\">\n\t\t\t\t<div class=\"elementor-widget-container\">\n\t\t\t\t\t<h2 class=\"elementor-heading-title elementor-size-default\">Periodicidade<\/h2>\t\t\t\t<\/div>\n\t\t\t\t<\/div>\n\t\t\t\t<div class=\"elementor-element elementor-element-ce929f3 elementor-widget elementor-widget-text-editor\" data-id=\"ce929f3\" data-element_type=\"widget\" data-e-type=\"widget\" data-widget_type=\"text-editor.default\">\n\t\t\t\t<div class=\"elementor-widget-container\">\n\t\t\t\t\t\t\t\t\t<p>O<strong> \u201cF\u00f3rum Neg\u00f3cios &amp; Conectividade\u201d<\/strong>, tem car\u00e1cter<br \/>itinerante, realizando-se, cada edi\u00e7\u00e3o, numa prov\u00edncia diferente \u2013 para j\u00e1, naquelas em que a Medianova est\u00e1 representada, havendo, no entanto, a possibilidade de ser organizado em quaisquer outras prov\u00edncias. Assim, depois de Cabinda, Benguela,<br \/>Huambo, Hu\u00edla e U\u00edge, cabe agora \u00e0 prov\u00edncia do Icolo e Bengo.<\/p>\t\t\t\t\t\t\t\t<\/div>\n\t\t\t\t<\/div>\n\t\t\t\t<\/div>\n\t\t<div class=\"elementor-element elementor-element-424c713 e-con-full e-flex e-con e-child\" data-id=\"424c713\" data-element_type=\"container\" data-e-type=\"container\">\n\t\t\t\t<div class=\"elementor-element elementor-element-6a942d8 elementor-widget elementor-widget-image\" data-id=\"6a942d8\" data-element_type=\"widget\" data-e-type=\"widget\" data-widget_type=\"image.default\">\n\t\t\t\t<div class=\"elementor-widget-container\">\n\t\t\t\t\t\t\t\t\t\t\t\t\t\t\t<img loading=\"lazy\" decoding=\"async\" width=\"1024\" height=\"576\" src=\"https:\/\/negociosconectividade.ao\/wp-content\/uploads\/2026\/01\/Aeroporto-1024x576.webp\" class=\"attachment-large size-large wp-image-2676\" alt=\"\" srcset=\"https:\/\/negociosconectividade.ao\/wp-content\/uploads\/2026\/01\/Aeroporto-1024x576.webp 1024w, https:\/\/negociosconectividade.ao\/wp-content\/uploads\/2026\/01\/Aeroporto-300x169.webp 300w, https:\/\/negociosconectividade.ao\/wp-content\/uploads\/2026\/01\/Aeroporto-768x432.webp 768w, https:\/\/negociosconectividade.ao\/wp-content\/uploads\/2026\/01\/Aeroporto-1536x864.webp 1536w, https:\/\/negociosconectividade.ao\/wp-content\/uploads\/2026\/01\/Aeroporto.webp 1920w\" sizes=\"(max-width: 1024px) 100vw, 1024px\" \/>\t\t\t\t\t\t\t\t\t\t\t\t\t\t\t<\/div>\n\t\t\t\t<\/div>\n\t\t\t\t<\/div>\n\t\t\t\t<\/div>\n\t\t\t\t\t<\/div>\n\t\t\t\t<\/div>\n\t\t<div class=\"elementor-element elementor-element-758f8ae e-flex e-con-boxed e-con e-parent\" data-id=\"758f8ae\" data-element_type=\"container\" data-e-type=\"container\">\n\t\t\t\t\t<div class=\"e-con-inner\">\n\t\t<div class=\"elementor-element elementor-element-2bff1c4 e-con-full e-flex e-con e-child\" data-id=\"2bff1c4\" data-element_type=\"container\" data-e-type=\"container\" data-settings=\"{&quot;background_background&quot;:&quot;classic&quot;}\">\n\t\t<div class=\"elementor-element elementor-element-5d7aba0 e-con-full e-flex e-con e-child\" data-id=\"5d7aba0\" data-element_type=\"container\" data-e-type=\"container\">\n\t\t\t\t<div class=\"elementor-element elementor-element-14b9f4c elementor-widget elementor-widget-image\" data-id=\"14b9f4c\" data-element_type=\"widget\" data-e-type=\"widget\" data-widget_type=\"image.default\">\n\t\t\t\t<div class=\"elementor-widget-container\">\n\t\t\t\t\t\t\t\t\t\t\t\t\t\t\t<img loading=\"lazy\" decoding=\"async\" width=\"1024\" height=\"768\" src=\"https:\/\/negociosconectividade.ao\/wp-content\/uploads\/2026\/01\/0c1b16f8dda99e31604d3533a25f8ab4.webp\" class=\"attachment-full size-full wp-image-2679\" alt=\"\" srcset=\"https:\/\/negociosconectividade.ao\/wp-content\/uploads\/2026\/01\/0c1b16f8dda99e31604d3533a25f8ab4.webp 1024w, https:\/\/negociosconectividade.ao\/wp-content\/uploads\/2026\/01\/0c1b16f8dda99e31604d3533a25f8ab4-300x225.webp 300w, https:\/\/negociosconectividade.ao\/wp-content\/uploads\/2026\/01\/0c1b16f8dda99e31604d3533a25f8ab4-768x576.webp 768w\" sizes=\"(max-width: 1024px) 100vw, 1024px\" \/>\t\t\t\t\t\t\t\t\t\t\t\t\t\t\t<\/div>\n\t\t\t\t<\/div>\n\t\t\t\t<\/div>\n\t\t<div class=\"elementor-element elementor-element-e8f0b74 e-con-full e-flex e-con e-child\" data-id=\"e8f0b74\" data-element_type=\"container\" data-e-type=\"container\">\n\t\t\t\t<div class=\"elementor-element elementor-element-08eff9e elementor-widget elementor-widget-heading\" data-id=\"08eff9e\" data-element_type=\"widget\" data-e-type=\"widget\" data-widget_type=\"heading.default\">\n\t\t\t\t<div class=\"elementor-widget-container\">\n\t\t\t\t\t<h2 class=\"elementor-heading-title elementor-size-default\">Perspectivas<\/h2>\t\t\t\t<\/div>\n\t\t\t\t<\/div>\n\t\t\t\t<div class=\"elementor-element elementor-element-76af712 elementor-widget elementor-widget-text-editor\" data-id=\"76af712\" data-element_type=\"widget\" data-e-type=\"widget\" data-widget_type=\"text-editor.default\">\n\t\t\t\t<div class=\"elementor-widget-container\">\n\t\t\t\t\t\t\t\t\t<p>No evento, os empres\u00e1rios trocam cart\u00f5es-de-visita, assinam pr\u00e9-contratos e realizam neg\u00f3cios. Pretende-se demonstrar a capacidade produtiva deAngola e dos angolanos, diante dos desafios que os mercados africanos e, obviamente, os internacionais apresentam. Por via desta plataforma de \u201cconectividade\u201d, a ideia \u00e9, pois, potenciar-se os activos mineiros e agr\u00edcolas e transforma-los em neg\u00f3cios, incluindo o potencialtur\u00edstico da regi\u00e3o.<\/p><p>trazer \u00e0 mesa, neg\u00f3cios e parcerias \u00e0 volta da Agricultura, Ind\u00fastria, neg\u00f3cio, Pescas, Transportes e Turismo.<br \/>Por via desta plataforma de \u201cconectividade\u201d, a ideia \u00e9, pois, potenciar-se os activos mineiros e agr\u00edcolas e transforma-los em neg\u00f3cios, incluindo o potencial tur\u00edstico da regi\u00e3o.<\/p>\t\t\t\t\t\t\t\t<\/div>\n\t\t\t\t<\/div>\n\t\t\t\t<\/div>\n\t\t\t\t<\/div>\n\t\t\t\t\t<\/div>\n\t\t\t\t<\/div>\n\t\t<div class=\"elementor-element elementor-element-ad8c495 e-flex e-con-boxed e-con e-parent\" data-id=\"ad8c495\" data-element_type=\"container\" data-e-type=\"container\" data-settings=\"{&quot;background_background&quot;:&quot;classic&quot;}\">\n\t\t\t\t\t<div class=\"e-con-inner\">\n\t\t<div class=\"elementor-element elementor-element-7136e14 e-con-full e-flex e-con e-child\" data-id=\"7136e14\" data-element_type=\"container\" data-e-type=\"container\" data-settings=\"{&quot;background_background&quot;:&quot;gradient&quot;}\">\n\t\t\t\t<div class=\"elementor-element elementor-element-ff3ec5f elementor-widget elementor-widget-heading\" data-id=\"ff3ec5f\" data-element_type=\"widget\" data-e-type=\"widget\" data-widget_type=\"heading.default\">\n\t\t\t\t<div class=\"elementor-widget-container\">\n\t\t\t\t\t<h2 class=\"elementor-heading-title elementor-size-default\">Torne-se parceiro<\/h2>\t\t\t\t<\/div>\n\t\t\t\t<\/div>\n\t\t\t\t<div class=\"elementor-element elementor-element-8b0beaa elementor-widget elementor-widget-text-editor\" data-id=\"8b0beaa\" data-element_type=\"widget\" data-e-type=\"widget\" data-widget_type=\"text-editor.default\">\n\t\t\t\t<div class=\"elementor-widget-container\">\n\t\t\t\t\t\t\t\t\t<p>Os <b>parceiros <\/b>deste projecto, beneficiam de espa\u00e7os publicit\u00e1rios entre todos os meios que pertencem \u00e0 MediaNova, num quadro de <b>reciprocidade m\u00fatua<\/b> com o objectivo mais na longevidade da parceria do que no valor (bem) empregue.<\/p>\t\t\t\t\t\t\t\t<\/div>\n\t\t\t\t<\/div>\n\t\t\t\t<div class=\"elementor-element elementor-element-c6992f9 elementor-widget elementor-widget-button\" data-id=\"c6992f9\" data-element_type=\"widget\" data-e-type=\"widget\" data-widget_type=\"button.default\">\n\t\t\t\t<div class=\"elementor-widget-container\">\n\t\t\t\t\t\t\t\t\t<div class=\"elementor-button-wrapper\">\n\t\t\t\t\t<a class=\"elementor-button elementor-button-link elementor-size-sm\" href=\"https:\/\/negociosconectividade.ao\/index.php\/elementor-pagina-851\/\">\n\t\t\t\t\t\t<span class=\"elementor-button-content-wrapper\">\n\t\t\t\t\t\t\t\t\t<span class=\"elementor-button-text\">SABER MAIS<\/span>\n\t\t\t\t\t<\/span>\n\t\t\t\t\t<\/a>\n\t\t\t\t<\/div>\n\t\t\t\t\t\t\t\t<\/div>\n\t\t\t\t<\/div>\n\t\t\t\t<\/div>\n\t\t\t\t\t<\/div>\n\t\t\t\t<\/div>\n\t\t\t\t<\/div>\n\t\t","protected":false},"excerpt":{"rendered":"<p>F\u00f3rum Neg\u00f3cios &amp; Conectividade Conceito O\u00a0F\u00f3rum Neg\u00f3cios &amp; Conectividade (Business &amp; Connectivity)\u00a0foi idealizado para um formato ganha-ganha, um conceito que visa gerar parcerias de neg\u00f3cios com pequenas, m\u00e9dias e grandes empresas.Do ponto de vista estrat\u00e9gico, o f\u00f3rum \u00e9 uma oportunidade para os empres\u00e1rios Angolanos \u2013 e n\u00e3o s\u00f3 \u2013 trocarem impress\u00f5es em rela\u00e7\u00e3o a ac\u00e7\u00f5es [&hellip;]<\/p>\n","protected":false},"author":2,"featured_media":0,"parent":0,"menu_order":0,"comment_status":"closed","ping_status":"closed","template":"","meta":{"footnotes":""},"class_list":["post-1723","page","type-page","status-publish","hentry"],"blocksy_meta":[],"_links":{"self":[{"href":"https:\/\/negociosconectividade.ao\/index.php\/wp-json\/wp\/v2\/pages\/1723","targetHints":{"allow":["GET"]}}],"collection":[{"href":"https:\/\/negociosconectividade.ao\/index.php\/wp-json\/wp\/v2\/pages"}],"about":[{"href":"https:\/\/negociosconectividade.ao\/index.php\/wp-json\/wp\/v2\/types\/page"}],"author":[{"embeddable":true,"href":"https:\/\/negociosconectividade.ao\/index.php\/wp-json\/wp\/v2\/users\/2"}],"replies":[{"embeddable":true,"href":"https:\/\/negociosconectividade.ao\/index.php\/wp-json\/wp\/v2\/comments?post=1723"}],"version-history":[{"count":40,"href":"https:\/\/negociosconectividade.ao\/index.php\/wp-json\/wp\/v2\/pages\/1723\/revisions"}],"predecessor-version":[{"id":3012,"href":"https:\/\/negociosconectividade.ao\/index.php\/wp-json\/wp\/v2\/pages\/1723\/revisions\/3012"}],"wp:attachment":[{"href":"https:\/\/negociosconectividade.ao\/index.php\/wp-json\/wp\/v2\/media?parent=1723"}],"curies":[{"name":"wp","href":"https:\/\/api.w.org\/{rel}","templated":true}]}}